{"id":516,"date":"2020-03-06T16:12:10","date_gmt":"2020-03-06T16:12:10","guid":{"rendered":"https:\/\/sisli.edu.tr\/icsie\/?page_id=516"},"modified":"2025-09-19T09:13:47","modified_gmt":"2025-09-19T09:13:47","slug":"abstract-submission","status":"publish","type":"page","link":"https:\/\/sisli.edu.tr\/icsie\/abstract-submission\/","title":{"rendered":"Abstract Submission"},"content":{"rendered":"<p><strong>Submit Your Abstract:<\/strong><br \/>\n<a href=\"https:\/\/cmt3.research.microsoft.com\/ICSIE2025\/\">Click here to submit your abstract.<\/a><\/p>\n<p><strong>Need Assistance?<\/strong><br \/>\n<a href=\"https:\/\/sisli.edu.tr\/icsie\/wp-content\/uploads\/2025\/05\/kullanim-kilavuzu.pdf\">Click here to access the help document.<\/a><\/p>\n<p><strong>ICSIE 2025 kapsam\u0131nda bildiri ve sunum dilleri T\u00fcrk\u00e7e ve \u0130ngilizcedir. Bildirinizi T\u00fcrk\u00e7e veya \u0130ngilizce olarak g\u00f6nderebilir, sunumunuzu ise tercihinize g\u00f6re her iki dilden birinde ger\u00e7ekle\u015ftirebilirsiniz.<\/strong><\/p>\n<p><strong>At ICSIE 2025, the languages of papers and presentations are Turkish and English. You may submit your paper in either Turkish or English, and deliver your presentation in the language of your choice.<\/strong><\/p>\n<p>*The\u00a0<a href=\"https:\/\/cmt3.research.microsoft.com\/\">Microsoft CMT service<\/a>\u00a0was used for managing the peer-reviewing process for this conference. This service was provided for free by Microsoft and they bore all expenses, including costs for Azure cloud services as well as for software development and support.<\/p>\n<p>&nbsp;<\/p>\n","protected":false},"excerpt":{"rendered":"<p>Submit Your Abstract: Click here to submit your abstract. Need Assistance? Click here to access the help document. ICSIE 2025 kapsam\u0131nda bildiri ve sunum dilleri T\u00fcrk\u00e7e ve \u0130ngilizcedir. Bildirinizi T\u00fcrk\u00e7e veya \u0130ngilizce olarak g\u00f6nderebilir, sunumunuzu ise tercihinize g\u00f6re her iki dilden birinde ger\u00e7ekle\u015ftirebilirsiniz. At ICSIE 2025, the languages of papers and presentations are Turkish and [&hellip;]<\/p>\n","protected":false},"author":3,"featured_media":0,"parent":0,"menu_order":0,"comment_status":"closed","ping_status":"closed","template":"","meta":{"footnotes":""},"class_list":["post-516","page","type-page","status-publish","hentry"],"_links":{"self":[{"href":"https:\/\/sisli.edu.tr\/icsie\/wp-json\/wp\/v2\/pages\/516","targetHints":{"allow":["GET"]}}],"collection":[{"href":"https:\/\/sisli.edu.tr\/icsie\/wp-json\/wp\/v2\/pages"}],"about":[{"href":"https:\/\/sisli.edu.tr\/icsie\/wp-json\/wp\/v2\/types\/page"}],"author":[{"embeddable":true,"href":"https:\/\/sisli.edu.tr\/icsie\/wp-json\/wp\/v2\/users\/3"}],"replies":[{"embeddable":true,"href":"https:\/\/sisli.edu.tr\/icsie\/wp-json\/wp\/v2\/comments?post=516"}],"version-history":[{"count":16,"href":"https:\/\/sisli.edu.tr\/icsie\/wp-json\/wp\/v2\/pages\/516\/revisions"}],"predecessor-version":[{"id":1018,"href":"https:\/\/sisli.edu.tr\/icsie\/wp-json\/wp\/v2\/pages\/516\/revisions\/1018"}],"wp:attachment":[{"href":"https:\/\/sisli.edu.tr\/icsie\/wp-json\/wp\/v2\/media?parent=516"}],"curies":[{"name":"wp","href":"https:\/\/api.w.org\/{rel}","templated":true}]}}