{"id":115,"date":"2019-03-08T06:29:55","date_gmt":"2019-03-08T06:29:55","guid":{"rendered":"http:\/\/sisli.edu.tr\/uisbk2021\/?page_id=115"},"modified":"2020-12-23T14:37:12","modified_gmt":"2020-12-23T14:37:12","slug":"kongre-yeri","status":"publish","type":"page","link":"https:\/\/sisli.edu.tr\/uisbk2021\/kongre-yeri\/","title":{"rendered":"Kongre Yeri"},"content":{"rendered":"<p>Bilimsel bilginin ve payla\u015f\u0131m\u0131n \u00f6neminden hareketle, bilim d\u00fcnyas\u0131 ve akademik \u00e7al\u0131\u015fmalar i\u00e7in yeni bir platform olu\u015fturmak amac\u0131yla d\u00fczenledi\u011fimiz Uluslararas\u0131 \u015ei\u015fli Bilim Kongresi\u2019nin ikincisi 27-28 May\u0131s 2021 tarihlerinde online olarak ger\u00e7ekle\u015fecek. Bu y\u0131l \u201c<a href=\"https:\/\/www.uni-ruse.bg\/en\">UNIVERSITY OF RUSE \u201cANGEL KANCHEV<\/a>\u201d- Bulgaristan i\u015f birli\u011fi ile d\u00fczenleyece\u011fimiz kongremiz, uluslararas\u0131 akademik i\u015f birliklerimizin g\u00fc\u00e7lenmesine de katk\u0131 sa\u011flayacak.<\/p>\n","protected":false},"excerpt":{"rendered":"<p>Bilimsel bilginin ve payla\u015f\u0131m\u0131n \u00f6neminden hareketle, bilim d\u00fcnyas\u0131 ve akademik \u00e7al\u0131\u015fmalar i\u00e7in yeni bir platform olu\u015fturmak amac\u0131yla d\u00fczenledi\u011fimiz Uluslararas\u0131 \u015ei\u015fli Bilim Kongresi\u2019nin ikincisi 27-28 May\u0131s 2021 tarihlerinde online olarak ger\u00e7ekle\u015fecek. Bu y\u0131l \u201cUNIVERSITY OF RUSE \u201cANGEL KANCHEV\u201d- Bulgaristan i\u015f birli\u011fi ile d\u00fczenleyece\u011fimiz kongremiz, uluslararas\u0131 akademik i\u015f birliklerimizin g\u00fc\u00e7lenmesine de katk\u0131 sa\u011flayacak.<\/p>\n","protected":false},"author":1,"featured_media":0,"parent":0,"menu_order":0,"comment_status":"closed","ping_status":"closed","template":"","meta":[],"_links":{"self":[{"href":"https:\/\/sisli.edu.tr\/uisbk2021\/wp-json\/wp\/v2\/pages\/115"}],"collection":[{"href":"https:\/\/sisli.edu.tr\/uisbk2021\/wp-json\/wp\/v2\/pages"}],"about":[{"href":"https:\/\/sisli.edu.tr\/uisbk2021\/wp-json\/wp\/v2\/types\/page"}],"author":[{"embeddable":true,"href":"https:\/\/sisli.edu.tr\/uisbk2021\/wp-json\/wp\/v2\/users\/1"}],"replies":[{"embeddable":true,"href":"https:\/\/sisli.edu.tr\/uisbk2021\/wp-json\/wp\/v2\/comments?post=115"}],"version-history":[{"count":7,"href":"https:\/\/sisli.edu.tr\/uisbk2021\/wp-json\/wp\/v2\/pages\/115\/revisions"}],"predecessor-version":[{"id":612,"href":"https:\/\/sisli.edu.tr\/uisbk2021\/wp-json\/wp\/v2\/pages\/115\/revisions\/612"}],"wp:attachment":[{"href":"https:\/\/sisli.edu.tr\/uisbk2021\/wp-json\/wp\/v2\/media?parent=115"}],"curies":[{"name":"wp","href":"https:\/\/api.w.org\/{rel}","templated":true}]}}