{"id":23,"date":"2019-02-25T12:43:20","date_gmt":"2019-02-25T12:43:20","guid":{"rendered":"http:\/\/sisli.edu.tr\/uisbk2021\/?page_id=23"},"modified":"2021-02-25T09:02:53","modified_gmt":"2021-02-25T09:02:53","slug":"yazim-kurallari","status":"publish","type":"page","link":"https:\/\/sisli.edu.tr\/uisbk2021\/yazim-kurallari\/","title":{"rendered":"Uluslararas\u0131 Kitap B\u00f6l\u00fcm Yaz\u0131m Kurallar\u0131"},"content":{"rendered":"<p><span style=\"font-weight: 400;\">\u00c7al\u0131\u015fmalar\u0131n yaz\u0131m d\u00fczeni A4 (210&#215;297 mm) sayfa boyutunda, 12 punto, tek sat\u0131r aral\u0131\u011f\u0131, Times New Roman yaz\u0131 karakteri, \u00fcst-alt-sa\u011f-sol 2 cm sayfa bo\u015flu\u011funda olu\u015fturulmal\u0131d\u0131r. \u00c7al\u0131\u015fma en az 10, en fazla 20 sayfay\u0131 ge\u00e7memeli, kaynak g\u00f6sterme, kaynak\u00e7a, dipnot, \u015fekil, grafik \u015fablonlar\u0131nda APA 6 stili benimsenmeli, \u00f6zet yaz\u0131lmamal\u0131d\u0131r. Yazar isim\/leri, unvan\/lar, kurum\/lar \u00e7al\u0131\u015fma ilk sayfas\u0131na dipnot olarak mutlaka eklenmelidir.<\/span><\/p>\n<p>Template dosyas\u0131n\u0131 indirmek i\u00e7in <span style=\"color: #ff0000;\"><a style=\"color: #ff0000;\" href=\"http:\/\/sisli.edu.tr\/uisbk2021\/wp-content\/uploads\/2021\/02\/TEMPLATE-2nd-INTERNATIONAL-SISLI-SCIENCE-CONGRESS-1-1.docx\">t\u0131klay\u0131n\u0131z.<\/a><\/span><\/p>\n","protected":false},"excerpt":{"rendered":"<p>\u00c7al\u0131\u015fmalar\u0131n yaz\u0131m d\u00fczeni A4 (210&#215;297 mm) sayfa boyutunda, 12 punto, tek sat\u0131r aral\u0131\u011f\u0131, Times New Roman yaz\u0131 karakteri, \u00fcst-alt-sa\u011f-sol 2 cm sayfa bo\u015flu\u011funda olu\u015fturulmal\u0131d\u0131r. \u00c7al\u0131\u015fma en az 10, en fazla 20 sayfay\u0131 ge\u00e7memeli, kaynak g\u00f6sterme, kaynak\u00e7a, dipnot, \u015fekil, grafik \u015fablonlar\u0131nda APA 6 stili benimsenmeli, \u00f6zet yaz\u0131lmamal\u0131d\u0131r. Yazar isim\/leri, unvan\/lar, kurum\/lar \u00e7al\u0131\u015fma ilk sayfas\u0131na dipnot olarak [&hellip;]<\/p>\n","protected":false},"author":1,"featured_media":0,"parent":0,"menu_order":0,"comment_status":"closed","ping_status":"closed","template":"","meta":[],"_links":{"self":[{"href":"https:\/\/sisli.edu.tr\/uisbk2021\/wp-json\/wp\/v2\/pages\/23"}],"collection":[{"href":"https:\/\/sisli.edu.tr\/uisbk2021\/wp-json\/wp\/v2\/pages"}],"about":[{"href":"https:\/\/sisli.edu.tr\/uisbk2021\/wp-json\/wp\/v2\/types\/page"}],"author":[{"embeddable":true,"href":"https:\/\/sisli.edu.tr\/uisbk2021\/wp-json\/wp\/v2\/users\/1"}],"replies":[{"embeddable":true,"href":"https:\/\/sisli.edu.tr\/uisbk2021\/wp-json\/wp\/v2\/comments?post=23"}],"version-history":[{"count":12,"href":"https:\/\/sisli.edu.tr\/uisbk2021\/wp-json\/wp\/v2\/pages\/23\/revisions"}],"predecessor-version":[{"id":650,"href":"https:\/\/sisli.edu.tr\/uisbk2021\/wp-json\/wp\/v2\/pages\/23\/revisions\/650"}],"wp:attachment":[{"href":"https:\/\/sisli.edu.tr\/uisbk2021\/wp-json\/wp\/v2\/media?parent=23"}],"curies":[{"name":"wp","href":"https:\/\/api.w.org\/{rel}","templated":true}]}}