{"id":664,"date":"2021-05-18T07:55:52","date_gmt":"2021-05-18T07:55:52","guid":{"rendered":"http:\/\/sisli.edu.tr\/uisbk2021\/?page_id=664"},"modified":"2021-05-27T05:18:52","modified_gmt":"2021-05-27T05:18:52","slug":"online-katilim-bilgileri","status":"publish","type":"page","link":"https:\/\/sisli.edu.tr\/uisbk2021\/online-katilim-bilgileri\/","title":{"rendered":"Online Kat\u0131l\u0131m Bilgileri"},"content":{"rendered":"\t\t<div data-elementor-type=\"wp-page\" data-elementor-id=\"664\" class=\"elementor elementor-664\" data-elementor-settings=\"[]\">\n\t\t\t\t\t\t\t<div class=\"elementor-section-wrap\">\n\t\t\t\t\t\t\t<section class=\"elementor-section elementor-top-section elementor-element elementor-element-c12e04d elementor-section-boxed elementor-section-height-default elementor-section-height-default\" data-id=\"c12e04d\" data-element_type=\"section\">\n\t\t\t\t\t\t<div class=\"elementor-container elementor-column-gap-default\">\n\t\t\t\t\t<div class=\"elementor-column elementor-col-100 elementor-top-column elementor-element elementor-element-0cabf3d\" data-id=\"0cabf3d\" data-element_type=\"column\">\n\t\t\t<div class=\"elementor-widget-wrap elementor-element-populated\">\n\t\t\t\t\t\t\t\t<div class=\"elementor-element elementor-element-58c5db2 elementor-widget elementor-widget-image\" data-id=\"58c5db2\" data-element_type=\"widget\" data-widget_type=\"image.default\">\n\t\t\t\t<div class=\"elementor-widget-container\">\n\t\t\t\t\t\t\t\t\t\t\t\t\t\t\t<img width=\"2560\" height=\"896\" src=\"https:\/\/sisli.edu.tr\/uisbk2021\/wp-content\/uploads\/2021\/05\/issc2-keynotespeakers-all1000x350-scaled.jpg\" class=\"attachment-full size-full\" alt=\"\" loading=\"lazy\" srcset=\"https:\/\/sisli.edu.tr\/uisbk2021\/wp-content\/uploads\/2021\/05\/issc2-keynotespeakers-all1000x350-scaled.jpg 2560w, https:\/\/sisli.edu.tr\/uisbk2021\/wp-content\/uploads\/2021\/05\/issc2-keynotespeakers-all1000x350-300x105.jpg 300w, https:\/\/sisli.edu.tr\/uisbk2021\/wp-content\/uploads\/2021\/05\/issc2-keynotespeakers-all1000x350-1024x358.jpg 1024w, https:\/\/sisli.edu.tr\/uisbk2021\/wp-content\/uploads\/2021\/05\/issc2-keynotespeakers-all1000x350-768x269.jpg 768w, https:\/\/sisli.edu.tr\/uisbk2021\/wp-content\/uploads\/2021\/05\/issc2-keynotespeakers-all1000x350-1536x538.jpg 1536w, https:\/\/sisli.edu.tr\/uisbk2021\/wp-content\/uploads\/2021\/05\/issc2-keynotespeakers-all1000x350-2048x717.jpg 2048w, https:\/\/sisli.edu.tr\/uisbk2021\/wp-content\/uploads\/2021\/05\/issc2-keynotespeakers-all1000x350-255x89.jpg 255w\" sizes=\"(max-width: 2560px) 100vw, 2560px\" \/>\t\t\t\t\t\t\t\t\t\t\t\t\t\t\t<\/div>\n\t\t\t\t<\/div>\n\t\t\t\t\t<\/div>\n\t\t<\/div>\n\t\t\t\t\t\t\t<\/div>\n\t\t<\/section>\n\t\t\t\t<section class=\"elementor-section elementor-top-section elementor-element elementor-element-29c259b elementor-section-boxed elementor-section-height-default elementor-section-height-default\" data-id=\"29c259b\" data-element_type=\"section\">\n\t\t\t\t\t\t<div class=\"elementor-container elementor-column-gap-default\">\n\t\t\t\t\t<div class=\"elementor-column elementor-col-100 elementor-top-column elementor-element elementor-element-4a2597c\" data-id=\"4a2597c\" data-element_type=\"column\">\n\t\t\t<div class=\"elementor-widget-wrap elementor-element-populated\">\n\t\t\t\t\t\t\t\t<div class=\"elementor-element elementor-element-a588d27 elementor-widget elementor-widget-heading\" data-id=\"a588d27\" data-element_type=\"widget\" data-widget_type=\"heading.default\">\n\t\t\t\t<div class=\"elementor-widget-container\">\n\t\t\t<h3 class=\"elementor-heading-title elementor-size-default\"><a href=\"http:\/\/sisli.edu.tr\/uisbk2021\/wp-content\/uploads\/2020\/09\/2nd-issc-program.pdf\">Kongre Program\u0131 \u0130\u00e7in T\u0131klay\u0131n\u0131z.<\/a><\/h3>\t\t<\/div>\n\t\t\t\t<\/div>\n\t\t\t\t\t<\/div>\n\t\t<\/div>\n\t\t\t\t\t\t\t<\/div>\n\t\t<\/section>\n\t\t\t\t<section class=\"elementor-section elementor-top-section elementor-element elementor-element-0f40a30 elementor-section-boxed elementor-section-height-default elementor-section-height-default\" data-id=\"0f40a30\" data-element_type=\"section\">\n\t\t\t\t\t\t<div class=\"elementor-container elementor-column-gap-default\">\n\t\t\t\t\t<div class=\"elementor-column elementor-col-100 elementor-top-column elementor-element elementor-element-e807ecf\" data-id=\"e807ecf\" data-element_type=\"column\">\n\t\t\t<div class=\"elementor-widget-wrap elementor-element-populated\">\n\t\t\t\t\t\t\t\t<div class=\"elementor-element elementor-element-27be9f8 elementor-widget elementor-widget-heading\" data-id=\"27be9f8\" data-element_type=\"widget\" data-widget_type=\"heading.default\">\n\t\t\t\t<div class=\"elementor-widget-container\">\n\t\t\t<h3 class=\"elementor-heading-title elementor-size-default\">1. G\u00fcn<\/h3>\t\t<\/div>\n\t\t\t\t<\/div>\n\t\t\t\t\t<\/div>\n\t\t<\/div>\n\t\t\t\t\t\t\t<\/div>\n\t\t<\/section>\n\t\t\t\t<section class=\"elementor-section elementor-top-section elementor-element elementor-element-0c26b20 elementor-section-boxed elementor-section-height-default elementor-section-height-default\" data-id=\"0c26b20\" data-element_type=\"section\">\n\t\t\t\t\t\t<div class=\"elementor-container elementor-column-gap-default\">\n\t\t\t\t\t<div class=\"elementor-column elementor-col-33 elementor-top-column elementor-element elementor-element-521766c\" data-id=\"521766c\" data-element_type=\"column\">\n\t\t\t<div class=\"elementor-widget-wrap elementor-element-populated\">\n\t\t\t\t\t\t\t\t<div class=\"elementor-element elementor-element-679582a elementor-widget elementor-widget-heading\" data-id=\"679582a\" data-element_type=\"widget\" data-widget_type=\"heading.default\">\n\t\t\t\t<div class=\"elementor-widget-container\">\n\t\t\t<h5 class=\"elementor-heading-title elementor-size-medium\"><a href=\"https:\/\/zoom.us\/j\/92198713486?pwd=cDgrU1pxVTFsVlVwUkkwdEE1dGcrdz09\">A\u00e7\u0131l\u0131\u015f Konu\u015fmas\u0131 \u0130\u00e7in T\u0131klay\u0131n\u0131z.(Zoom)<\/a><\/h5>\t\t<\/div>\n\t\t\t\t<\/div>\n\t\t\t\t<div class=\"elementor-element elementor-element-a773bf9 elementor-widget elementor-widget-text-editor\" data-id=\"a773bf9\" data-element_type=\"widget\" data-widget_type=\"text-editor.default\">\n\t\t\t\t<div class=\"elementor-widget-container\">\n\t\t\t\t\t\t\t\t<p>Meeting ID: 921 9871 3486<br \/>Passcode: 582245<\/p>\t\t\t\t\t\t<\/div>\n\t\t\t\t<\/div>\n\t\t\t\t\t<\/div>\n\t\t<\/div>\n\t\t\t\t<div class=\"elementor-column elementor-col-33 elementor-top-column elementor-element elementor-element-10f7a76\" data-id=\"10f7a76\" data-element_type=\"column\">\n\t\t\t<div class=\"elementor-widget-wrap elementor-element-populated\">\n\t\t\t\t\t\t\t\t<div class=\"elementor-element elementor-element-7b1796f elementor-widget elementor-widget-heading\" data-id=\"7b1796f\" data-element_type=\"widget\" data-widget_type=\"heading.default\">\n\t\t\t\t<div class=\"elementor-widget-container\">\n\t\t\t<h5 class=\"elementor-heading-title elementor-size-medium\"><a href=\"https:\/\/teams.microsoft.com\/l\/meetup-join\/19%3atcjicfk4Hfrm5Bkxlx7sxMDPECNKC2mohBqAxI81xno1%40thread.tacv2\/1621446506376?context=%7b%22Tid%22%3a%2203a872e2-20b8-462c-a85e-08dd2d4bb807%22%2c%22Oid%22%3a%22d5bd431f-ac09-464e-8128-cb0bf29ca9c4%22%7d\">1. Oturuma (Odaya) Ula\u015fmak \u0130\u00e7in T\u0131klay\u0131n\u0131z. <\/a><\/h5>\t\t<\/div>\n\t\t\t\t<\/div>\n\t\t\t\t\t<\/div>\n\t\t<\/div>\n\t\t\t\t<div class=\"elementor-column elementor-col-33 elementor-top-column elementor-element elementor-element-590858b\" data-id=\"590858b\" data-element_type=\"column\">\n\t\t\t<div class=\"elementor-widget-wrap elementor-element-populated\">\n\t\t\t\t\t\t\t\t<div class=\"elementor-element elementor-element-170b998 elementor-widget elementor-widget-heading\" data-id=\"170b998\" data-element_type=\"widget\" data-widget_type=\"heading.default\">\n\t\t\t\t<div class=\"elementor-widget-container\">\n\t\t\t<h5 class=\"elementor-heading-title elementor-size-medium\"><a href=\"https:\/\/teams.microsoft.com\/dl\/launcher\/launcher.html?url=%2F_%23%2Fl%2Fmeetup-join%2F19%3AIZ-SaIb3w-h7SHZ7fFXoRVtv52ll6VibFLFuCTY-67E1%40thread.tacv2%2F1621513323255%3Fcontext%3D%257b%2522Tid%2522%253a%252203a872e2-20b8-462c-a85e-08dd2d4bb807%2522%252c%2522Oid%2522%253a%252246c84220-2f5d-49bf-b606-56053f2a41bc%2522%257d%26anon%3Dtrue&#038;type=meetup-join&#038;deeplinkId=251899b4-195f-49c4-bbb1-fcb637ca6cc8&#038;directDl=true&#038;msLaunch=true&#038;enableMobilePage=true\">2. Oturuma(Odaya) Ula\u015fmak \u0130\u00e7in T\u0131klay\u0131n\u0131z.<\/a><\/h5>\t\t<\/div>\n\t\t\t\t<\/div>\n\t\t\t\t\t<\/div>\n\t\t<\/div>\n\t\t\t\t\t\t\t<\/div>\n\t\t<\/section>\n\t\t\t\t<section class=\"elementor-section elementor-top-section elementor-element elementor-element-06202c1 elementor-section-boxed elementor-section-height-default elementor-section-height-default\" data-id=\"06202c1\" data-element_type=\"section\">\n\t\t\t\t\t\t<div class=\"elementor-container elementor-column-gap-default\">\n\t\t\t\t\t<div class=\"elementor-column elementor-col-100 elementor-top-column elementor-element elementor-element-0491201\" data-id=\"0491201\" data-element_type=\"column\">\n\t\t\t<div class=\"elementor-widget-wrap elementor-element-populated\">\n\t\t\t\t\t\t\t\t<div class=\"elementor-element elementor-element-b906bf7 elementor-widget elementor-widget-heading\" data-id=\"b906bf7\" data-element_type=\"widget\" data-widget_type=\"heading.default\">\n\t\t\t\t<div class=\"elementor-widget-container\">\n\t\t\t<h3 class=\"elementor-heading-title elementor-size-default\">2. G\u00fcn<\/h3>\t\t<\/div>\n\t\t\t\t<\/div>\n\t\t\t\t\t<\/div>\n\t\t<\/div>\n\t\t\t\t\t\t\t<\/div>\n\t\t<\/section>\n\t\t\t\t<section class=\"elementor-section elementor-top-section elementor-element elementor-element-cae9970 elementor-section-boxed elementor-section-height-default elementor-section-height-default\" data-id=\"cae9970\" data-element_type=\"section\">\n\t\t\t\t\t\t<div class=\"elementor-container elementor-column-gap-default\">\n\t\t\t\t\t<div class=\"elementor-column elementor-col-33 elementor-top-column elementor-element elementor-element-179f581\" data-id=\"179f581\" data-element_type=\"column\">\n\t\t\t<div class=\"elementor-widget-wrap elementor-element-populated\">\n\t\t\t\t\t\t\t\t<div class=\"elementor-element elementor-element-d436b2b elementor-widget elementor-widget-heading\" data-id=\"d436b2b\" data-element_type=\"widget\" data-widget_type=\"heading.default\">\n\t\t\t\t<div class=\"elementor-widget-container\">\n\t\t\t<h5 class=\"elementor-heading-title elementor-size-medium\"><a href=\"https:\/\/zoom.us\/j\/96375723782?pwd=UllQUEhXWDUrY1NSVnlLaWtSSFV4Zz09\">A\u00e7\u0131l\u0131\u015f Konu\u015fmas\u0131 \u0130\u00e7in T\u0131klay\u0131n\u0131z.(Zoom)<\/a><\/h5>\t\t<\/div>\n\t\t\t\t<\/div>\n\t\t\t\t<div class=\"elementor-element elementor-element-ad64ae0 elementor-widget elementor-widget-text-editor\" data-id=\"ad64ae0\" data-element_type=\"widget\" data-widget_type=\"text-editor.default\">\n\t\t\t\t<div class=\"elementor-widget-container\">\n\t\t\t\t\t\t\t\t<p>Meeting ID: 963 7572 3782<br \/>Passcode: 031002<\/p>\t\t\t\t\t\t<\/div>\n\t\t\t\t<\/div>\n\t\t\t\t\t<\/div>\n\t\t<\/div>\n\t\t\t\t<div class=\"elementor-column elementor-col-33 elementor-top-column elementor-element elementor-element-637b52b\" data-id=\"637b52b\" data-element_type=\"column\">\n\t\t\t<div class=\"elementor-widget-wrap elementor-element-populated\">\n\t\t\t\t\t\t\t\t<div class=\"elementor-element elementor-element-28ad0de elementor-widget elementor-widget-heading\" data-id=\"28ad0de\" data-element_type=\"widget\" data-widget_type=\"heading.default\">\n\t\t\t\t<div class=\"elementor-widget-container\">\n\t\t\t<h5 class=\"elementor-heading-title elementor-size-medium\"><a href=\"https:\/\/teams.microsoft.com\/l\/meetup-join\/19%3atcjicfk4Hfrm5Bkxlx7sxMDPECNKC2mohBqAxI81xno1%40thread.tacv2\/1621446565749?context=%7b%22Tid%22%3a%2203a872e2-20b8-462c-a85e-08dd2d4bb807%22%2c%22Oid%22%3a%22d5bd431f-ac09-464e-8128-cb0bf29ca9c4%22%7d\">1. Oturuma (Odaya) Ula\u015fmak \u0130\u00e7in T\u0131klay\u0131n\u0131z.<\/a><\/h5>\t\t<\/div>\n\t\t\t\t<\/div>\n\t\t\t\t\t<\/div>\n\t\t<\/div>\n\t\t\t\t<div class=\"elementor-column elementor-col-33 elementor-top-column elementor-element elementor-element-2954658\" data-id=\"2954658\" data-element_type=\"column\">\n\t\t\t<div class=\"elementor-widget-wrap elementor-element-populated\">\n\t\t\t\t\t\t\t\t<div class=\"elementor-element elementor-element-65334c5 elementor-widget elementor-widget-heading\" data-id=\"65334c5\" data-element_type=\"widget\" data-widget_type=\"heading.default\">\n\t\t\t\t<div class=\"elementor-widget-container\">\n\t\t\t<h5 class=\"elementor-heading-title elementor-size-medium\"><a href=\"https:\/\/teams.microsoft.com\/dl\/launcher\/launcher.html?url=%2F_%23%2Fl%2Fmeetup-join%2F19%3AIZ-SaIb3w-h7SHZ7fFXoRVtv52ll6VibFLFuCTY-67E1%40thread.tacv2%2F1621513426011%3Fcontext%3D%257b%2522Tid%2522%253a%252203a872e2-20b8-462c-a85e-08dd2d4bb807%2522%252c%2522Oid%2522%253a%252246c84220-2f5d-49bf-b606-56053f2a41bc%2522%257d%26anon%3Dtrue&#038;type=meetup-join&#038;deeplinkId=7e65cf14-d115-4d2e-8b56-a86c2ff29c40&#038;directDl=true&#038;msLaunch=true&#038;enableMobilePage=true&#038;suppressPrompt=true\">2. Oturuma (Odaya) Ula\u015fmak \u0130\u00e7in T\u0131klay\u0131n\u0131z.<\/a><\/h5>\t\t<\/div>\n\t\t\t\t<\/div>\n\t\t\t\t\t<\/div>\n\t\t<\/div>\n\t\t\t\t\t\t\t<\/div>\n\t\t<\/section>\n\t\t\t\t<section class=\"elementor-section elementor-top-section elementor-element elementor-element-361c6ac elementor-section-boxed elementor-section-height-default elementor-section-height-default\" data-id=\"361c6ac\" data-element_type=\"section\">\n\t\t\t\t\t\t<div class=\"elementor-container elementor-column-gap-default\">\n\t\t\t\t\t<div class=\"elementor-column elementor-col-100 elementor-top-column elementor-element elementor-element-b442075\" data-id=\"b442075\" data-element_type=\"column\">\n\t\t\t<div class=\"elementor-widget-wrap elementor-element-populated\">\n\t\t\t\t\t\t\t\t<div class=\"elementor-element elementor-element-e583dac elementor-widget elementor-widget-heading\" data-id=\"e583dac\" data-element_type=\"widget\" data-widget_type=\"heading.default\">\n\t\t\t\t<div class=\"elementor-widget-container\">\n\t\t\t<h3 class=\"elementor-heading-title elementor-size-default\"><a href=\"http:\/\/sisli.edu.tr\/uisbk2021\/wp-content\/uploads\/2020\/09\/kongre-katilim-kitapcigi.pdf\">Kongreye Kat\u0131l\u0131m Rehberi \u0130\u00e7in T\u0131klay\u0131n\u0131z.<\/a><\/h3>\t\t<\/div>\n\t\t\t\t<\/div>\n\t\t\t\t\t<\/div>\n\t\t<\/div>\n\t\t\t\t\t\t\t<\/div>\n\t\t<\/section>\n\t\t\t\t<section class=\"elementor-section elementor-top-section elementor-element elementor-element-fc17ec1 elementor-section-boxed elementor-section-height-default elementor-section-height-default\" data-id=\"fc17ec1\" data-element_type=\"section\">\n\t\t\t\t\t\t<div class=\"elementor-container elementor-column-gap-default\">\n\t\t\t\t\t<div class=\"elementor-column elementor-col-100 elementor-top-column elementor-element elementor-element-434a278\" data-id=\"434a278\" data-element_type=\"column\">\n\t\t\t<div class=\"elementor-widget-wrap elementor-element-populated\">\n\t\t\t\t\t\t\t\t<div class=\"elementor-element elementor-element-1fa5967 elementor-widget elementor-widget-html\" data-id=\"1fa5967\" data-element_type=\"widget\" data-widget_type=\"html.default\">\n\t\t\t\t<div class=\"elementor-widget-container\">\n\t\t\t<html>\r\n<head>\r\n<style>\r\n#loader {  \r\n    position: fixed;  \r\n    left: 0px;  \r\n    top: 0px;  \r\n    width: 100%;  \r\n    height: 100%;  \r\n    z-index: 9999;  \r\n    background: url('https:\/\/www.sisli.edu.tr\/wp-content\/uploads\/2019\/09\/smyo-1.jpg') 50% 50% no-repeat rgb(249,249,249);  \r\n}  \r\n<\/style>\r\n<\/head>\r\n<body>\r\n<div id=\"loader\"><\/div>  \r\n\r\n<script src=\"https:\/\/code.jquery.com\/jquery-1.8.2.js\"><\/script> \r\n\r\n<script type=\"text\/javascript\">  \r\n   $(window).load(function() {  \r\n      $(\"#loader\").fadeOut(6000); \r\n   });\r\n<\/script>  \r\n<\/body>\r\n<\/html> \t\t<\/div>\n\t\t\t\t<\/div>\n\t\t\t\t\t<\/div>\n\t\t<\/div>\n\t\t\t\t\t\t\t<\/div>\n\t\t<\/section>\n\t\t\t\t\t\t<\/div>\n\t\t\t\t\t<\/div>\n\t\t","protected":false},"excerpt":{"rendered":"<p>Kongre Program\u0131 \u0130\u00e7in T\u0131klay\u0131n\u0131z. 1. G\u00fcn A\u00e7\u0131l\u0131\u015f Konu\u015fmas\u0131 \u0130\u00e7in T\u0131klay\u0131n\u0131z.(Zoom) Meeting ID: 921 9871 3486Passcode: 582245 1. Oturuma (Odaya) Ula\u015fmak \u0130\u00e7in T\u0131klay\u0131n\u0131z. 2. Oturuma(Odaya) Ula\u015fmak \u0130\u00e7in T\u0131klay\u0131n\u0131z. 2. G\u00fcn A\u00e7\u0131l\u0131\u015f Konu\u015fmas\u0131 \u0130\u00e7in T\u0131klay\u0131n\u0131z.(Zoom) Meeting ID: 963 7572 3782Passcode: 031002 1. Oturuma (Odaya) Ula\u015fmak \u0130\u00e7in T\u0131klay\u0131n\u0131z. 2. Oturuma (Odaya) Ula\u015fmak \u0130\u00e7in T\u0131klay\u0131n\u0131z. Kongreye Kat\u0131l\u0131m Rehberi \u0130\u00e7in [&hellip;]<\/p>\n","protected":false},"author":3,"featured_media":0,"parent":0,"menu_order":0,"comment_status":"closed","ping_status":"closed","template":"","meta":[],"_links":{"self":[{"href":"https:\/\/sisli.edu.tr\/uisbk2021\/wp-json\/wp\/v2\/pages\/664"}],"collection":[{"href":"https:\/\/sisli.edu.tr\/uisbk2021\/wp-json\/wp\/v2\/pages"}],"about":[{"href":"https:\/\/sisli.edu.tr\/uisbk2021\/wp-json\/wp\/v2\/types\/page"}],"author":[{"embeddable":true,"href":"https:\/\/sisli.edu.tr\/uisbk2021\/wp-json\/wp\/v2\/users\/3"}],"replies":[{"embeddable":true,"href":"https:\/\/sisli.edu.tr\/uisbk2021\/wp-json\/wp\/v2\/comments?post=664"}],"version-history":[{"count":76,"href":"https:\/\/sisli.edu.tr\/uisbk2021\/wp-json\/wp\/v2\/pages\/664\/revisions"}],"predecessor-version":[{"id":758,"href":"https:\/\/sisli.edu.tr\/uisbk2021\/wp-json\/wp\/v2\/pages\/664\/revisions\/758"}],"wp:attachment":[{"href":"https:\/\/sisli.edu.tr\/uisbk2021\/wp-json\/wp\/v2\/media?parent=664"}],"curies":[{"name":"wp","href":"https:\/\/api.w.org\/{rel}","templated":true}]}}